6.
2, 3, 347
List the prime factors of 1013.
1013
List the prime factors of 965.
5, 193
List the prime factors of 3225.
3, 5, 43
List the prime factors of 7137.
3, 13, 61
List the prime factors of 2260.
2, 5, 113
What are the prime factors of 18551?
13, 1427
What are the prime factors of 915?
3, 5, 61
List the prime factors of 2130.
2, 3, 5, 71
List the prime factors of 5250.
2, 3, 5, 7
What are the prime factors of 7179?
3, 2393
What are the prime factors of 2675?
5, 107
What are the prime factors of 44567?
41, 1087
List the prime factors of 246.
2, 3, 41
What are the prime factors of 31568?
2, 1973
List the prime factors of 2083.
2083
List the prime factors of 23405.
5, 31, 151
What are the prime factors of 708?
2, 3, 59
List the prime factors of 3909.
3, 1303
What are the prime factors of 192795?
3, 5, 12853
List the prime factors of 27.
3
What are the prime factors of 1686?
2, 3, 281
List the prime factors of 12315.
3, 5, 821
What are the prime factors of 6345?
3, 5, 47
List the prime factors of 704.
2, 11
List the prime factors of 1419.
3, 11, 43
List the prime factors of 43474.
2, 21737
What are the prime factors of 11605?
5, 11, 211
What are the prime factors of 445?
5, 89
List the prime factors of 14858.
2, 17, 19, 23
What are the prime factors of 1521?
3, 13
What are the prime factors of 152156?
2, 38039
List the prime factors of 482.
2, 241
What are the prime factors of 4339?
4339
List the prime factors of 25298.
2, 7, 13, 139
List the prime factors of 13055.
5, 7, 373
What are the prime factors of 1827?
3, 7, 29
List the prime factors of 90083.
7, 17, 757
What are the prime factors of 74593?
97, 769
List the prime factors of 1253.
7, 179
List the prime factors of 133289.
13, 10253
List the prime factors of 5493.
3, 1831
What are the prime factors of 3164?
2, 7, 113
What are the prime factors of 18419?
113, 163
List the prime factors of 2305.
5, 461
List the prime factors of 47601.
3, 41, 43
What are the prime factors of 23782?
2, 11, 23, 47
List the prime factors of 15243.
3, 5081
What are the prime factors of 14549?
14549
What are the prime factors of 2716?
2, 7, 97
What are the prime factors of 4592?
2, 7, 41
What are the prime factors of 1434?
2, 3, 239
List the prime factors of 2.
2
What are the prime factors of 45939?
3, 15313
What are the prime factors of 4365?
3, 5, 97
List the prime factors of 128881.
359
What are the prime factors of 802?
2, 401
What are the prime factors of 464?
2, 29
List the prime factors of 399.
3, 7, 19
What are the prime factors of 18640?
2, 5, 233
What are the prime factors of 3021?
3, 19, 53
What are the prime factors of 837?
3, 31
List the prime factors of 84091.
7, 41, 293
What are the prime factors of 790?
2, 5, 79
List the prime factors of 78335.
5, 15667
List the prime factors of 25618.
2, 12809
What are the prime factors of 21621?
3, 7207
What are the prime factors of 1090?
2, 5, 109
What are the prime factors of 91690?
2, 5, 53, 173
What are the prime factors of 2501?
41, 61
List the prime factors of 28947.
3, 9649
List the prime factors of 7230.
2, 3, 5, 241
List the prime factors of 46946.
2, 23473
What are the prime factors of 20165?
5, 37, 109
List the prime factors of 15478.
2, 71, 109
List the prime factors of 10122.
2, 3, 7, 241
What are the prime factors of 59424?
2, 3, 619
List the prime factors of 1129.
1129
What are the prime factors of 1368?
2, 3, 19
List the prime factors of 8309.
7, 1187
What are the prime factors of 628?
2, 157
List the prime factors of 55.
5, 11
List the prime factors of 4594.
2, 2297
List the prime factors of 2364.
2, 3, 197
What are the prime factors of 14877?
3, 19, 29
List the prime factors of 589.
19, 31
What are the prime factors of 100318?
2, 50159
What are the prime factors of 17444?
2, 7, 89
List the prime factors of 4624.
2, 17
List the prime factors of 3867.
3, 1289
What are the prime factors of 21067?
21067
List the prime factors of 1671.
3, 557
List the prime factors of 4064.
2, 127
What are the prime factors of 13226?
2, 17, 389
What are the prime factors of 46723?
46723
List the prime factors of 872.
2, 109
What are the prime factors of 3287?
19, 173
List the prime factors of 16197.
3, 5399
List the prime factors of 1855.
5, 7, 53
What are the prime factors of 104591?
41, 2551
What are the prime factors of 17708?
2, 19, 233
List the prime factors of 74631.
3, 24877
What are the prime factors of 2257?
37, 61
List the prime factors of 15517.
59, 263
What are the prime factors of 11625?
3, 5, 31
List the prime factors of 1722.
2, 3, 7, 41
What are the prime factors of 3336?
2, 3, 139
What are the prime factors of 1696?
2, 53
List the prime factors of 125887.
125887
List the prime factors of 154810.
2, 5, 113, 137
List the prime factors of 575.
5, 23
List the prime factors of 1449.
3, 7, 23
List the prime factors of 7625.
5, 61
List the prime factors of 470.
2, 5, 47
What are the prime factors of 31002?
2, 3, 5167
What are the prime factors of 2898?
2, 3, 7, 23
List the prime factors of 4743.
3, 17, 31
List the prime factors of 1027.
13, 79
What are the prime factors of 5159?
7, 11, 67
What are the prime factors of 3246?
2, 3, 541
What are the prime factors of 4574?
2, 2287
List the prime factors of 505.
5, 101
List the prime factors of 490.
2, 5, 7
What are the prime factors of 16440?
2, 3, 5, 137
List the prime factors of 137242.
2, 7, 9803
What are the prime factors of 68320?
2, 5, 7, 61
List the prime factors of 58313.
58313
What are the prime factors of 16420?
2, 5, 821
What are the prime factors of 1309?
7, 11, 17
List the prime factors of 3313.
3313
What are the prime factors of 2745?
3, 5, 61
List the prime factors of 4732.
2, 7, 13
List the prime factors of 29858.
2, 14929
List the prime factors of 39511.
39511
List the prime factors of 175104.
2, 3, 19
What are the prime factors of 33674?
2, 113, 149
What are the prime factors of 72296?
2, 7, 1291
What are the prime factors of 22080?
2, 3, 5, 23
List the prime factors of 536.
2, 67
What are the prime factors of 17032?
2, 2129
What are the prime factors of 4866?
2, 3, 811
What are the prime factors of 186?
2, 3, 31
What are the prime factors of 127?
127
List the prime factors of 5491.
17, 19
What are the prime factors of 674?
2, 337
List the prime factors of 1019.
1019
List the prime factors of 1017.
3, 113
List the prime factors of 2674.
2, 7, 191
List the prime factors of 10144.
2, 317
List the prime factors of 20369.
20369
List the prime factors of 5826.
2, 3, 971
List the prime factors of 829.
829
What are the prime factors of 1131?
3, 13, 29
What are the prime factors of 1400?
2, 5, 7
List the prime factors of 3582.
2, 3, 199
What are the prime factors of 2889?
3, 107
What are the prime factors of 33231?
3, 11, 19, 53
What are the prime factors of 4156?
2, 1039
What are the prime factors of 5942?
2, 2971
List the prime factors of 16763.
16763
What are the prime factors of 20068?
2, 29, 173
List the prime factors of 924.
2, 3, 7, 11
List the prime factors of 72.
2, 3
What are the prime factors of 8887?
8887
What are the prime factors of 126116?
2, 41, 769
What are the prime factors of 14490?
2, 3, 5, 7, 23
What are the prime factors of 8708?
2, 7, 311
What are the prime factors of 1327?
1327
List the prime factors of 859.
859
What are the prime factors of 2125?
5, 17
What are the prime factors of 327?
3, 109
What are the prime factors of 18270?
2, 3, 5, 7, 29
List the prime factors of 19199.
73, 263
List the prime factors of 6757.
29, 233
What are the prime factors of 18440?
2, 5, 461
What are the prime factors of 2323?
23, 101
What are the prime factors of 1010?
2, 5, 101
List the prime factors of 5810.
2, 5, 7, 83
What are the prime factors of 7966?
2, 7, 569
What are the prime factors of 595?
5, 7, 17
What are the prime factors of 2015?
5, 13, 31
List the prime factors of 42210.
2, 3, 5, 7, 67
List the prime factors of 5974.
2, 29, 103
What are the prime factors of 20481?
3, 6827
List the prime factors of 2908.
2, 727
What are the prime factors of 12373?
12373
What are the prime factors of 44?
2, 11
List the prime factors of 6492.
2, 3, 541
List the prime factors of 7465.
5, 1493
List the prime factors of 35652.
2, 3, 2971
What are the prime factors of 25093?
23, 1091
What are t